33 a composite number?
True
Is 8007004049 a prime number?
False
Is 1154146801 a composite number?
False
Is 1591198319 a composite number?
True
Is 16839848821 a prime number?
True
Is 269705281 a prime number?
True
Is 195793031855 a prime number?
False
Is 3009305309 composite?
True
Is 2543506249 a composite number?
False
Is 4126425467 prime?
True
Is 535779863 a prime number?
True
Is 231666859 a prime number?
True
Is 12960178733 a prime number?
True
Is 2049550067 prime?
True
Is 1211897263 composite?
True
Is 64771591 a composite number?
True
Is 25908525157 a composite number?
False
Is 732907319 composite?
False
Is 2081725517 a prime number?
True
Is 381418567 a prime number?
True
Is 4675824497 prime?
True
Is 1718309543 composite?
True
Is 12151938583 a prime number?
False
Is 16878750517 composite?
True
Is 1916957951 a prime number?
True
Is 3450378013 a prime number?
True
Is 1047892681 prime?
False
Is 60372507369 a composite number?
True
Is 7724478067 a composite number?
False
Is 702879803 composite?
True
Is 5774659141 a composite number?
False
Is 25428659 a composite number?
False
Is 19202283761 composite?
False
Is 7632842509 a composite number?
True
Is 1235135819 composite?
False
Is 8453611939 a prime number?
True
Is 332445367 a composite number?
False
Is 675350063 a prime number?
True
Is 399502837 a composite number?
False
Is 12299716703 prime?
True
Is 280729607 composite?
True
Is 435466561 a prime number?
True
Is 6433607051 prime?
False
Is 2339250661 a prime number?
False
Is 33526027846 a prime number?
False
Is 9351412991 composite?
False
Is 48404735441 a prime number?
False
Is 3126007231 a prime number?
False
Is 15153132299 a composite number?
True
Is 100426980671 prime?
True
Is 402530173 prime?
True
Is 2460359093 a prime number?
False
Is 664143079 composite?
True
Is 7654293689 a composite number?
True
Is 938143813 composite?
False
Is 109554104323 composite?
False
Is 2108699891 prime?
True
Is 6940021381 prime?
True
Is 375734419 a composite number?
True
Is 262037287 a composite number?
False
Is 98582670029 composite?
False
Is 1442507173 a composite number?
True
Is 942907403 a prime number?
True
Is 18713984099 a composite number?
False
Is 5961415435 a composite number?
True
Is 67967009899 prime?
True
Is 3907735837 prime?
False
Is 253854993419 a prime number?
True
Is 11389274173 prime?
False
Is 184031669 prime?
True
Is 46909631 a composite number?
True
Is 4393739839 prime?
False
Is 194502305 a prime number?
False
Is 1388352901 composite?
True
Is 83345579 a composite number?
True
Is 163923225251 composite?
False
Is 3096389381 prime?
False
Is 6696286117 a prime number?
False
Is 124383763327 a prime number?
False
Is 12680890559 prime?
False
Is 2617975263 a prime number?
False
Is 21028829909 a prime number?
True
Is 543556357 a composite number?
False
Is 51688600085 prime?
False
Is 10485256673 prime?
False
Is 1236380765 prime?
False
Is 1272949201 prime?
True
Is 5275059199 composite?
False
Is 142250993 prime?
False
Is 396288319 composite?
True
Is 9510305377 prime?
True
Is 572267251 prime?
False
Is 3819069413 a prime number?
True
Is 14377682393 composite?
False
Is 210621653023 a prime number?
False
Is 796625644911 composite?
True
Is 75073039 a prime number?
False
Is 1238575367 composite?
True
Is 29024960173 prime?
False
Is 355622147 composite?
False
Is 3959785147 composite?
True
Is 1405418123 composite?
False
Is 69355927 a composite number?
False
Is 961922251 a prime number?
True
Is 8091829205 prime?
False
Is 151026183181 prime?
True
Is 112231473037 a composite number?
False
Is 226632964829 prime?
True
Is 1517599729 composite?
True
Is 44315554897 a prime number?
True
Is 3342399483 a prime number?
False
Is 43605277 a prime number?
False
Is 651467701 a composite number?
True
Is 20398401151 a composite number?
True
Is 322719677 a composite number?
True
Is 27372670933 composite?
False
Is 368737927 prime?
True
Is 5677374233 a prime number?
True
Is 7939814587 composite?
True
Is 10903791793 prime?
True
Is 67581929 prime?
True
Is 233554057 a prime number?
False
Is 6743398777 composite?
True
Is 1442494093 prime?
False
Is 172569625493 prime?
True
Is 1275376009 prime?
False
Is 6739807306 a prime number?
False
Is 1016826541 a prime number?
False
Is 2472091933 prime?
True
Is 8831526661 a prime number?
True
Is 73772087611 a prime number?
False
Is 660690887 a prime number?
True
Is 14035258807 prime?
False
Is 103716975109 a prime number?
False
Is 2974230166 prime?
False
Is 1355871113 composite?
False
Is 500818611 a composite number?
True
Is 6274267 prime?
True
Is 651108581 composite?
True
Is 168657154511 a prime number?
False
Is 257389049 prime?
True
Is 9965702557 a composite number?
False
Is 2611974703 a composite number?
True
Is 17939897753 composite?
True
Is 167725409099 composite?
True
Is 3515454863 a composite number?
False
Is 151399691158 a prime number?
False
Is 17695323899 a prime number?
False
Is 282270529 a composite number?
True
Is 61180908947 composite?
False
Is 1027279046 a composite number?
True
Is 14959577449 a prime number?
True
Is 5885766903 composite?
True
Is 3609555863 a composite number?
False
Is 4208020559 a prime number?
False
Is 388825561 a prime number?
False
Is 3378702719 a composite number?
True
Is 6017423663 prime?
True
Is 687791641 prime?
False
Is 1456033747 prime?
False
Is 4400116079 a prime number?
True
Is 5020559537 composite?
True
Is 2041295897 prime?
True
Is 30032066443 composite?
False
Is 2663561699 a prime number?
True
Is 443930657 composite?
True
Is 542329273 a composite number?
True
Is 370957261 a composite number?
True
Is 3354631597 prime?
True
Is 12426796405 a composite number?
True
Is 208490713 a prime number?
True
Is 79057007 composite?
False
Is 107488133 composite?
False
Is 2432167799 composite?
False
Is 16435802479 a prime number?
False
Is 216362834 a composite number?
True
Is 3451371553 prime?
False
Is 38331242797 prime?
False
Is 74546695831 a prime number?
False
Is 174123077 a prime number?
True
Is 8481123649 a composite number?
False
Is 1106274413 a prime number?
True
Is 5559689977 prime?
True
Is 5496439813 a composite number?
True
Is 28708585645 a composite number?
True
Is 2653789207 prime?
True
Is 11970067601 a prime number?
False
Is 113352064307 a composite number?
True
Is 204907877 a prime number?
False
Is 3542103871 a prime number?
True
Is 15939369833 composite?
False
Is 80529479 a composite number?
False
Is 206578916287 a prime number?
False
Is 11680306907 a prime number?
False
Is 262572097 a composite number?
False
Is 327108437 a composite number?
False
Is 4814773489 prime?
False
Is 132215231 a composite number?
True
Is 62462194 a prime number?
False
Is 587225047 prime?
True
Is 633630253 a composite number?
False
Is 882878077 a composite number?
False
Is 1620707839 composite?
True
Is 599489219 a prime number?
False
Is 5034872411 a prime number?
True
Is 32061358873 a prime number?
False
Is 1397402609 composite?
True
Is 2900976863 prime?
True
Is 8026514841 composite?
True
Is 47662269599 composite?
True
Is 7619802329 a composite number?
True
Is 350128421 a prime number?
True
Is 172698413 composite?
True
Is 43342685833 a composite number?
True
Is 54447893 prime?
True
Is 14092728893 prime?
True
Is 4540315781 composite?
False
Is 846987731 prime?
True
Is 33571935011 composite?
False
Is 134206957 a prime number?
False
Is 3234404897 a prime number?
True
Is 37229519219 a prime number?
False
Is 62261203841 a composite number?
True
Is 770147129 a composite number?
False
Is 2604075707 prime?
True
Is 2228459221 a composite number?
True
Is 1679961887 prime?
True
Is 121531 a composite number?
False
Is 581054879 a prime number?
True
Is 959710749 composite?
True
Is 9977292097 composite?
False
Is 454012742 a composite number?
True
Is 88715266829 prime?
False
Is 7943796647 a prime number?
True
Is 6266656021 composite?
False
Is 120594965 a prime number?
False
Is 18388902919 a composite number?
False
Is 845380621 composite?
False
Is 2622571087 a composite number?
False
Is 361035667 a composite number?
False
Is 3009937349 a composite number?
True
Is 5380462055 a prime number?
False
Is 392765657 a prime number?
True
Is 93726744703 composite?
False
Is 3338188367 a composite number?
False
Is 1967273317 composite?
False
Is 2152972049 a prim